{"id":14572,"date":"2026-04-22T22:18:17","date_gmt":"2026-04-22T20:18:17","guid":{"rendered":"https:\/\/www.cuinatscarrermajor.com\/?page_id=14572"},"modified":"2026-04-22T22:33:34","modified_gmt":"2026-04-22T20:33:34","slug":"home-tancat-temporalment","status":"publish","type":"page","link":"https:\/\/www.cuinatscarrermajor.com\/es\/home-tancat-temporalment\/","title":{"rendered":"Home &#8211; Tancat temporalment"},"content":{"rendered":"<div data-elementor-type=\"wp-post\" data-elementor-id=\"14572\" class=\"elementor elementor-14572\" data-elementor-post-type=\"page\">\n\t\t\t\t\t\t<section class=\"elementor-section elementor-top-section elementor-element elementor-element-44b3767 elementor-section-full_width elementor-section-height-default elementor-section-height-default\" data-id=\"44b3767\" data-element_type=\"section\" data-e-type=\"section\">\n\t\t\t\t\t\t<div class=\"elementor-container elementor-column-gap-default\">\n\t\t\t\t\t<div class=\"elementor-column elementor-col-100 elementor-top-column elementor-element elementor-element-e0fd28e\" data-id=\"e0fd28e\" data-element_type=\"column\" data-e-type=\"column\" data-settings=\"{&quot;background_background&quot;:&quot;classic&quot;}\">\n\t\t\t<div class=\"elementor-widget-wrap elementor-element-populated\">\n\t\t\t\t\t\t<div class=\"elementor-element elementor-element-ab4f222 elementor-widget elementor-widget-heading\" data-id=\"ab4f222\" data-element_type=\"widget\" data-e-type=\"widget\" data-widget_type=\"heading.default\">\n\t\t\t\t<div class=\"elementor-widget-container\">\n\t\t\t\t\t<h2 class=\"elementor-heading-title elementor-size-default\">AVISO IMPORTANTE<\/h2>\t\t\t\t<\/div>\n\t\t\t\t<\/div>\n\t\t\t\t<div class=\"elementor-element elementor-element-9aaa6d8 elementor-widget elementor-widget-text-editor\" data-id=\"9aaa6d8\" data-element_type=\"widget\" data-e-type=\"widget\" data-widget_type=\"text-editor.default\">\n\t\t\t\t<div class=\"elementor-widget-container\">\n\t\t\t\t\t\t\t\t\t<p>A partir del jueves 23 de abril tendremos cerrado por lesi\u00f3n de nuestro cocinero Enrique, el motor de Cuinats.<\/p><p>Deseamos que se recupere lo antes posible y volver a ser, en breve, con todos vosotros.<\/p>\t\t\t\t\t\t\t\t<\/div>\n\t\t\t\t<\/div>\n\t\t\t\t<div class=\"elementor-element elementor-element-baf2898 elementor-widget elementor-widget-text-editor\" data-id=\"baf2898\" data-element_type=\"widget\" data-e-type=\"widget\" data-widget_type=\"text-editor.default\">\n\t\t\t\t<div class=\"elementor-widget-container\">\n\t\t\t\t\t\t\t\t\t<p>Os mantendremos informados a trav\u00e9s de redes sociales y Newsletter.<\/p><p><strong><span style=\"font-size: 18pt;\">\u00a1Disculpad las molestias!<\/span><br \/><\/strong><\/p>\t\t\t\t\t\t\t\t<\/div>\n\t\t\t\t<\/div>\n\t\t\t\t\t<\/div>\n\t\t<\/div>\n\t\t\t\t\t<\/div>\n\t\t<\/section>\n\t\t\t\t<\/div>","protected":false},"excerpt":{"rendered":"<p>AV\u00cdS IMPORTANT A partir de dijous 23 d&#8217;abril tindrem tancat per lesi\u00f3 del nostre cuiner Enrique, el motor de Cuinats. Desitgem que es recuperi el m\u00e9s aviat possible i tornar a ser, ben aviat, amb tots vosaltres. Us mantindrem informats a trav\u00e9s de les xarxes socials i Newsletter. Disculpeu les mol\u00e8sties!<\/p>","protected":false},"author":1065413,"featured_media":0,"parent":0,"menu_order":0,"comment_status":"closed","ping_status":"closed","template":"templates\/page-fullwidth_template.php","meta":{"footnotes":""},"class_list":["post-14572","page","type-page","status-publish","hentry"],"_links":{"self":[{"href":"https:\/\/www.cuinatscarrermajor.com\/es\/wp-json\/wp\/v2\/pages\/14572","targetHints":{"allow":["GET"]}}],"collection":[{"href":"https:\/\/www.cuinatscarrermajor.com\/es\/wp-json\/wp\/v2\/pages"}],"about":[{"href":"https:\/\/www.cuinatscarrermajor.com\/es\/wp-json\/wp\/v2\/types\/page"}],"author":[{"embeddable":true,"href":"https:\/\/www.cuinatscarrermajor.com\/es\/wp-json\/wp\/v2\/users\/1065413"}],"replies":[{"embeddable":true,"href":"https:\/\/www.cuinatscarrermajor.com\/es\/wp-json\/wp\/v2\/comments?post=14572"}],"version-history":[{"count":7,"href":"https:\/\/www.cuinatscarrermajor.com\/es\/wp-json\/wp\/v2\/pages\/14572\/revisions"}],"predecessor-version":[{"id":14580,"href":"https:\/\/www.cuinatscarrermajor.com\/es\/wp-json\/wp\/v2\/pages\/14572\/revisions\/14580"}],"wp:attachment":[{"href":"https:\/\/www.cuinatscarrermajor.com\/es\/wp-json\/wp\/v2\/media?parent=14572"}],"curies":[{"name":"wp","href":"https:\/\/api.w.org\/{rel}","templated":true}]}}

<div data-elementor-type="wp-post" data-elementor-id="14572" class="elementor elementor-14572" data-elementor-post-type="page">
						<section class="elementor-section elementor-top-section elementor-element elementor-element-44b3767 elementor-section-full_width elementor-section-height-default elementor-section-height-default" data-id="44b3767" data-element_type="section" data-e-type="section">
						<div class="elementor-container elementor-column-gap-default">
					<div class="elementor-column elementor-col-100 elementor-top-column elementor-element elementor-element-e0fd28e" data-id="e0fd28e" data-element_type="column" data-e-type="column" data-settings="{&quot;background_background&quot;:&quot;classic&quot;}">
			<div class="elementor-widget-wrap elementor-element-populated">
						<div class="elementor-element elementor-element-ab4f222 elementor-widget elementor-widget-heading" data-id="ab4f222" data-element_type="widget" data-e-type="widget" data-widget_type="heading.default">
				<div class="elementor-widget-container">
					<h2 class="elementor-heading-title elementor-size-default">AVISO IMPORTANTE</h2>				</div>
				</div>
				<div class="elementor-element elementor-element-9aaa6d8 elementor-widget elementor-widget-text-editor" data-id="9aaa6d8" data-element_type="widget" data-e-type="widget" data-widget_type="text-editor.default">
				<div class="elementor-widget-container">
									<p>A partir del jueves 23 de abril tendremos cerrado por lesión de nuestro cocinero Enrique, el motor de Cuinats.</p><p>Deseamos que se recupere lo antes posible y volver a ser, en breve, con todos vosotros.</p>								</div>
				</div>
				<div class="elementor-element elementor-element-baf2898 elementor-widget elementor-widget-text-editor" data-id="baf2898" data-element_type="widget" data-e-type="widget" data-widget_type="text-editor.default">
				<div class="elementor-widget-container">
									<p>Os mantendremos informados a través de redes sociales y Newsletter.</p><p><strong><span style="font-size: 18pt;">¡Disculpad las molestias!</span><br /></strong></p>								</div>
				</div>
					</div>
		</div>
					</div>
		</section>
				</div>

<p>AVÍS IMPORTANT A partir de dijous 23 d&#8217;abril tindrem tancat per lesió del nostre cuiner Enrique, el motor de Cuinats. Desitgem que es recuperi el més aviat possible i tornar a ser, ben aviat, amb tots vosaltres. Us mantindrem informats a través de les xarxes socials i Newsletter. Disculpeu les molèsties!</p>
